68)/144*-6. Suppose 4*y + 0 = -20. Let z = y + w. What is the units digit of z?
8
Let r = 40662 + -27589. What is the ten thousands digit of r?
1
Let a(l) = -l - 18. Let p(z) = 0*z - 16*z + 15*z - 2. Let n(k) = -a(k) + 3*p(k). What is the tens digit of n(-5)?
2
Let n(q) = 6*q**2 - 11*q + 4. Let k be n(4). What is the tens digit of k + ((-127)/(-25) - 38/475)?
6
What is the hundreds digit of (42/(-8))/(-6 - 1722690/(-287120))?
2
Let j(l) = -2*l**2 - 7*l - 5. Let a(o) = -o**2 + 1. Let q(x) = -3*a(x) + j(x). Let s be q(9). Suppose 7*i + 327 = s*i. What is the tens digit of i?
0
Let i be (((-28)/42)/(4/(-92538)))/1. Suppose -5469 = 18*a - i. What is the units digit of a?
3
Suppose -37 = 9*p + 17. Let r be (p + 3)/(-3 - 246/(-80)). What is the tens digit of (-12)/4 - (-3)/((-6)/r)?
1
Suppose -10*m - 4765 = -15*m. Let k = -548 + m. Suppose -k = -14*a + 5*a. What is the tens digit of a?
4
Let w = 6519 - 2856. What is the tens digit of w?
6
Suppose 0*w = 10*w - 18720. Suppose 732*i - w = 724*i. What is the hundreds digit of i?
2
Let u(o) = 6*o**2 + 9*o + 76. Let y be u(-8). Let i = 333 + y. What is the hundreds digit of i?
7
Let c be 2 - (-3 + 6) - (2 + -7). Suppose 4*n = c, 2*a - 6*n + 8*n - 1528 = 0. What is the units digit of a?
3
Suppose 15*o - 405 = -12*o. Suppose 0 = -13*z + o*z - 830. What is the hundreds digit of z?
4
Let r = 130452 + -63216. What is the tens digit of r?
3
Suppose -11937 = -42*m + 15237. What is the tens digit of m?
4
Suppose m + 44 = -3*m. Let s(b) = 164 + 174 + 142 - 13*b - b**2 + 196 - 618. What is the units digit of s(m)?
0
Suppose 12*x - 18*x + 330 = 0. Let i = 58 - x. Suppose 2 = -j, i*v - 281 = -2*j - 0*j. What is the units digit of v?
5
Let f(t) = -10*t - 28*t - 30*t + 8*t + 20 + 1. What is the tens digit of f(-12)?
4
Suppose 22*n - 9*n - 15548 = 0. Suppose -257*l + n = -255*l. What is the hundreds digit of l?
5
Suppose -2*n + 5 = 5*q, -4*q - n = -0*q - 7. Suppose 4*p = f + 4, 2*f - q*p - 1 = -4*p. Suppose v - 3*v + 174 = f. What is the tens digit of v?
8
Suppose -7813 = -12*b + 81947. What is the thousands digit of b?
7
Let a = -737 - -762. Suppose a*o = 13*o + 15516. What is the tens digit of o?
9
Suppose 5*r - 312 - 193 = 0. Suppose -3*p - 20 = 2*p, r = 5*q + p. What is the hundreds digit of -46*q/(-6)*1?
1
Let x(f) = 27*f**3 + 2*f**2 + 2*f - 8. Let w be (-1 + 5)/4 + 6/3. What is the units digit of x(w)?
5
What is the tens digit of 1974/(-63)*(-122 - -2)?
6
Let x(l) = 1098*l + 12. Suppose -4*f - 17 = -21. What is the units digit of x(f)?
0
Suppose j + 11 = 50. Let c = j - 39. Suppose c = h + 5*h - 6. What is the units digit of h?
1
Suppose 33*k = 59*k - 22464. What is the hundreds digit of k?
8
Suppose 4*o + 5*n - 4529 = 0, -4*n - 2182 = -3*o + 1176. Suppose 0 = -r + 3*k + o - 291, -3*r = k - 2495. What is the hundreds digit of r?
8
Suppose 16 = 10*p - 14. Suppose 0*x + 5*x - p*z - 3222 = 0, 3*z - 3 = 0. What is the hundreds digit of x?
6
Let d(c) = 65*c + 86. Let n be d(16). What is the units digit of n*((-35)/28)/(10/(-4))?
3
Suppose -4728701 = -102*g - 859433. What is the units digit of g?
4
Let m be 0 - (-1)/(-4) - (-1258)/296. Suppose -44*s - 3*o + 2352 = -41*s, 0 = m*s + 2*o - 3134. What is the units digit of s?
3
Suppose 2*p + 0*p = 0. Suppose p = -30*w + 25*w + 3895. What is the hundreds digit of 5/25 - w/(-5)?
1
Let k = 340 + -343. What is the tens digit of (3887/92)/(219/72 + k)?
1
Let c = -2192 - -3903. What is the thousands digit of c?
1
Suppose -9*g = -11*g + 2*q + 4162, -g + 3*q = -2073. What is the hundreds digit of g?
0
Let d = 613 + 2432. Suppose 22*i - d = 761. What is the units digit of i?
3
Let w be (5 - (-13)/(-2))*(1 + -1681). Suppose 4*h - w = -3*v, 584 = 4*h - v - 1920. What is the units digit of h?
7
Let l = -228 + -424. Let n = 1285 + l. What is the tens digit of n?
3
Let n(c) = 6*c**2 - 74*c + 2204. What is the thousands digit of n(51)?
4
Let a(i) = i**3 + 16*i**2 + 37*i + 5. Let n(o) = o**3 - 11*o**2 - o + 2. Let p be n(11). What is the hundreds digit of a(p)?
2
Suppose -6*p + 9360 = -21*p. What is the units digit of -3*(2 + p/9)?
2
Let v(b) = 5*b**3 + b**2 + 34*b + 26. Let i(q) = -2*q**3 - 11*q - 9. Let m(h) = -8*i(h) - 3*v(h). Let y be m(5). Let u = -4 - y. What is the tens digit of u?
2
What is the units digit of (((-56)/(-42))/((-2)/(-6)))/(24/283956)?
6
Let b(u) = -u**3 - 4*u**2 - 6*u - 3. Let g be b(-4). Suppose 4*v - g = -3*v. Suppose 0 = -t - 4*x + 9, v*x + 6 = -3. What is the units digit of t?
1
Suppose -2*s + 1 = -s + 4*w, -3*w = -5*s + 28. Suppose 4*z = p + 2*z + 3, s*z = -5*p + 45. Suppose n = p*n - 496. What is the tens digit of n?
2
Suppose -4*x + 14 = 3*y, 12 = 3*x - 3. What is the hundreds digit of ((-90)/(-36))/(y/(-300))?
3
Let d(j) = j - 4*j**2 - 2*j - 1 + 12*j**2. Let i(c) = c**3 + 7*c**2 - 10*c - 92. Let a be i(-6). What is the units digit of d(a)?
3
Let m = -40 - -50. Suppose -3*g + 43 = m. Suppose g*y - 7*y = 140. What is the tens digit of y?
3
Suppose 0 = 13*j - 15*j + 12. Let l(f) = f**2 - 7*f + 13. Let i be l(j). Suppose -3*g = -i*g + 356. What is the units digit of g?
9
What is the thousands digit of (-135996)/112*(-16)/12?
1
Suppose 13*g = -9*g + 1034. Let n = g - -301. What is the tens digit of n?
4
Suppose 3*j = 3*i - 0*i + 12, 3*j - 11 = 4*i. Suppose -2*f = j*d - 50, 5*d - 2*f - 80 = 2*f. What is the tens digit of (-558)/(-8) - (3 + (-39)/d)?
7
Let j be 3/(9/60) - 1. Let z(x) = -x**2 + 21*x - 55. Let q be z(19). Let y = j + q. What is the units digit of y?
2
Let l(z) = -8*z**2 - 1 + 4*z + 0 - z - z. Let j be l(-3). Let p = 14 - j. What is the tens digit of p?
9
Let q(u) = -14*u - 112. Let s be q(-31). Let i = s + -26. What is the tens digit of i?
9
Suppose 46 = 7*x - 24. What is the hundreds digit of -4 - -16*185/x?
2
Suppose 4*p - 5*n = 3625 + 5674, 5*p - 11629 = n. Let v = p - 1055. What is the hundreds digit of v?
2
Let d be 6/(-18) + (-1407)/(-9). Let t = d + 89. Suppose 0 = 5*r - 5*n - t, -3*r + 0*n - n = -163. What is the units digit of r?
3
Let k = -53 + 56. Suppose 2*q + 2*v - 1136 = -2*v, -k*q - 4*v + 1702 = 0. Suppose 2*t - 384 = -4*p, 3*t + 4*p - q = -0*t. What is the units digit of t?
2
Let f = 33 + -24. Suppose -f*o + 10*o = 108. Let v = o + -63. What is the units digit of v?
5
Let n = -210 - -212. Suppose -6*z = -z - 3*h - 83, -n*h = -2*z + 30. What is the tens digit of z?
1
Suppose 16*j - 174609 = 126831. What is the ten thousands digit of j?
1
Let q(a) = a**3 + 109*a + 7747. What is the thousands digit of q(0)?
7
Suppose -2*f + 3*m = -18, 5*f - 5*m - 10 - 40 = 0. Let b(c) = -4*c + 50. Let j be b(f). Let k = 55 - j. What is the tens digit of k?
5
Suppose 807*b = 408*b + 421*b - 310332. What is the hundreds digit of b?
1
Suppose -1 = -4*f + 7. Suppose 0 = f*m - s + 3*s + 2, 0 = 3*s. What is the tens digit of (2 - 3)/(m + (-126)/(-129))?
4
Let u(q) = 14*q - 16. Suppose l + 5*v + 9 = -l, 0 = l + 2*v + 2. Suppose -2*z - l = 0, 5*z - 7 = 5*t - 57. What is the tens digit of u(t)?
6
Let z = 358 - 346. Let c(j) = 11*j + 11*j - j**2 - 7*j - 35 + 0*j**2. What is the units digit of c(z)?
1
Suppose -5*u = -3*z + 27, 15*z - 45 = 10*z - u. Let i = -153 - -290. Let y = i - z. What is the tens digit of y?
2
Let a = 0 - -35. Suppose 0 = -10*s + 3*s + a. Suppose 0 = s*b - 25, -4*y - y - 2*b + 350 = 0. What is the tens digit of y?
6
Suppose 0 = 39*s - 42*s + 30. Suppose 17 = 9*w - s. Suppose 0 = -22*a + w*a + 2926. What is the units digit of a?
4
Suppose 7340 + 10186 = 23*a. What is the hundreds digit of a?
7
Let g(d) = 14*d - 27. Let x(o) = 5*o**3 + 1. Let z be x(1). Suppose 9 = z*u - 39. What is the tens digit of g(u)?
8
Let r = -61 - -581. What is the hundreds digit of r?
5
Let b = 0 - -1. Let l = 260 + -298. Let c = b - l. What is the units digit of c?
9
Let a = -31 + 30. Let o be a/6 - ((-553)/6 - -6). Let z = o + -8. What is the tens digit of z?
7
Let d = -2271 + 3238. Let n = -559 + d. What is the hundreds digit of n?
4
Suppose -2*r = -3*o + 51, -2*o + r = -r - 32. Let n = -44 + o. Let h = n - -123. What is the tens digit of h?
9
Suppose 5*a - 9*a = -2*s + 6, 4*a + s = -9. What is the units digit of 7 - (2 - (-3 - a)) - -56?
0
Suppose 0 = -2*h - 37 + 33. What is the units digit of 1980/3 + 3 + h?
1
Let w = 5165 + -2581. What is the thousands digit of